q = -101 + 38. Is 242*(-2)/z*(q - -10) prime?
False
Suppose y - 264 + 69 = 0. Let r = y - 64. Is r composite?
False
Let o(l) = 11404*l - 253. Is o(6) composite?
False
Suppose -6*x - 763 + 7003 = 0. Suppose -3*o - 2*z = -4*o + 213, 0 = -5*o + 5*z + x. Is o a composite number?
True
Let n be ((-5)/15)/(2/(-5430)). Suppose -f + n = -32. Is f a composite number?
False
Let c = 54 - 28. Suppose c = 8*l + 10. Is l/11 - 24057/(-121) a prime number?
True
Is 264/36 + -8 + 36415/15 a composite number?
True
Suppose 0 = 8*c - 882348 - 46364. Is c a composite number?
False
Let m = -219839 - -315710. Is m a prime number?
False
Let a(b) = -8861*b + 73. Is a(-5) prime?
False
Suppose -205382 - 170343 = -25*x. Suppose -8*h + x - 5837 = 0. Is h a prime number?
False
Suppose -5*k - k + 3*k = 0. Let u be (k/(2 - 6))/4. Suppose -4*o + u*o + 308 = 0. Is o prime?
False
Suppose -344872 - 636380 = -36*v. Is v composite?
True
Let b(x) = 5805*x**2 + 71*x + 371. Is b(-5) prime?
False
Let n(x) = -4011*x - 836. Is n(-3) a composite number?
False
Let d(o) = o**3 - 10*o**2 - 6*o - 14. Let k be (-11)/33*2/((-4)/30). Suppose -5*s - 2*r + 75 = -7*r, -k*r = 5*s - 45. Is d(s) a prime number?
False
Let l be (-320)/3*21/7. Is (-5)/(-1)*-1*26816/l composite?
False
Suppose -66379671 = -68*k - 16897363. Is k a composite number?
True
Suppose -7*i + 360 = -8*i. Let n = i + 1474. Is n prime?
False
Let n(h) = -14*h. Let p be n(-4). Suppose -2*s + 4*j + 3095 = 47, -5*s + j + 7665 = 0. Suppose -s = p*u - 58*u. Is u a composite number?
True
Let t(w) = w - 1. Let l = -30 - -31. Let k(m) = -91*m - 18. Let a(b) = l*k(b) - 5*t(b). Is a(-12) a prime number?
False
Let t(w) = -2*w - 14. Let c be t(-27). Is c/(-100) - (-74014)/10 prime?
False
Is (10 - (-84)/(-7)) + 3979 a prime number?
False
Let u(r) = 11*r**2 - 28*r - 4. Let k be u(11). Let t = -241 + k. Is t prime?
False
Suppose -54905 = 5*j - 5*c, 3*j = -0*c - 3*c - 32943. Let r = j + 18302. Is r a prime number?
True
Let k(j) = 7*j**3 + 6*j**2 + 12*j - 28. Let o be k(8). Is 2/((-16136)/o + 4) composite?
False
Let c(h) be the first derivative of h**3 + 3*h**2/2 - 15*h - 87. Let r(k) = -3*k. Let v be r(-2). Is c(v) a composite number?
True
Suppose 4*d - a - 1821 = 0, a + 906 = 2*d - a. Let t = 4429 + d. Is t prime?
False
Let y(a) = 185*a**2 + 5*a + 1. Suppose 0*n + 5*w = 3*n + 3, -5*w - 1 = n. Let z be (17 + -5)/(-3)*n/2. Is y(z) a composite number?
False
Let h be (240/8 + -6)*(-19)/2. Let r = -250 - -1119. Let j = r + h. Is j a prime number?
True
Suppose -5*g + 51361 = q, 11843 = 5*g + 5*q - 39502. Let t = -5010 + g. Is t composite?
True
Let t = 57 - 69. Let h be -3 - (t/2 + 0). Suppose 1313 = h*l + 74. Is l prime?
False
Suppose -12*j + 603 - 411 = 0. Let i(u) = -4*u**2 - 61*u - 39. Let y(z) = z**2 + 20*z + 13. Let n(x) = -6*i(x) - 17*y(x). Is n(j) composite?
False
Let s(i) = -19*i**3 + 2*i**2 - 2*i + 6. Let n be s(-4). Suppose 9*g - 7*g = n. Suppose p + g = 3*y, -p + 4*p + 1049 = 5*y. Is y prime?
True
Is (109947/6)/((-13)/(156/90) - -8) prime?
False
Suppose -4*q - 5*q - 117 = 0. Is q*((-1 - (5 + -3)) + -110) a prime number?
False
Let d be -10*(3 + (68/(-5))/4). Suppose -d*l + 7686 = -1942. Is l composite?
True
Suppose 17*v - 279164 - 37053 = 0. Suppose 5*i - v = -f + 21147, 2*f = i - 7943. Is i prime?
True
Let b(t) = 7*t + 12. Let l be b(-1). Suppose -5*z + z = -5*d + 1883, 0 = 2*d - l*z - 743. Is d composite?
False
Let m(s) = -2*s**2 - 38*s - 9. Let h be m(-19). Let p(k) = -k**3 - 8*k**2 - 9*k - 13. Is p(h) a prime number?
True
Let r(q) = 81*q + 5. Let g(b) = 157*b + 10. Let n(p) = -3*g(p) + 5*r(p). Suppose -41 = 3*a - 17. Is n(a) prime?
True
Let o(y) be the second derivative of -y**5/20 + 17*y**4/12 - 5*y**3 - 11*y**2/2 + 40*y - 1. Is o(-15) a composite number?
False
Let q(n) = -321*n**3 - 7*n**2 - 11*n + 24. Is q(-3) a composite number?
True
Suppose 5*o - 1192026 = -4*n - 91969, -3*o = -n - 660024. Is o a prime number?
True
Suppose -5*o - 123201 = -20*k + 19*k, -2*k = 5*o - 246372. Is k a composite number?
False
Let p = 21853 + 56644. Is p a composite number?
False
Let b(l) = 1144*l**3 + 26*l - 133. Is b(4) composite?
True
Let i = -11590 + 16617. Is i prime?
False
Suppose 4*d + 3*i - 45 = -2*i, 0 = 3*d - 2*i - 5. Suppose -6605 = -5*h - d*p, h - 370 = 5*p + 927. Is h a composite number?
True
Is -576 + 578 + (-2 - -4) + 823205 prime?
False
Let q = -824657 - -1311258. Is q a prime number?
True
Let f(k) = -2*k**3 + 14*k**2 + 11*k + 30. Is f(-19) prime?
True
Let r(l) = -17339*l + 26. Let g(n) = -26008*n + 38. Let u(s) = 5*g(s) - 8*r(s). Is u(1) a composite number?
True
Let l(h) = -3*h**2 + 32*h + 13. Let r be l(11). Is r/17 + 82718/34 prime?
False
Suppose 3*d + 2*y = 58, 2*d - 36 = 3*y + 20. Let q(h) = -h**3 + 32*h**2 - 27*h - 51. Is q(d) a prime number?
False
Let x be -86 - (-10)/25*-10. Let v = 119 - x. Is v composite?
True
Suppose -1 = -81*l + 82*l, 2*f + 5*l = 261741. Is f a composite number?
False
Suppose -2*c + 1257 = -c + 3*k, -3*k = 3*c - 3801. Suppose -n + 273 + 246 = 4*x, 0 = -4*n + 3*x + 2114. Let w = c - n. Is w composite?
True
Let q(c) = 6*c**2 + 23*c + 33. Let j be q(-19). Let i = j - -278. Suppose l + 1 = 0, 3*l - i = -k + 4*l. Is k a prime number?
True
Let p(r) = 30*r - 317. Suppose -96 = -3*b + 3*x, 14*b - 16*b = -5*x - 79. Is p(b) a composite number?
True
Suppose -14*v = -5*v - 27. Suppose 0 = -u - v*m - 11, -5*u - 41 = -0*u + m. Let q(n) = -13*n - 30. Is q(u) a prime number?
False
Let t = 206848 + -133445. Is t prime?
False
Let s be (-132)/18 + ((-30)/9)/5. Is (-16506)/s - (-3)/(-12) composite?
False
Let r(v) = 6*v**3 - 3*v**2 + v - 2. Let y be r(2). Let t be 591/4 + 9/y. Is t - (52/16 - (-2)/(-8)) composite?
True
Suppose 5*t - 3*m - 1729711 = 0, 85*m + 1729683 = 5*t + 86*m. Is t a composite number?
True
Let n = -16454 - -37921. Is n a composite number?
False
Is 486811 + 11/((-176)/(-384)) composite?
True
Let v be 17159 + 2 - 2/(-8)*4. Let g = -11539 + v. Is g a composite number?
False
Suppose 1 = -2*u - 5*z, 2*u - 6*u + 53 = -z. Is 32811/u + (-1)/4 a prime number?
False
Let n(p) = 13*p**3 - 27*p**3 + 2*p**2 + 39 + 4*p + 15*p**3. Is n(10) a composite number?
False
Suppose 14823 + 6696 = 9*q. Suppose -8519 = q*s - 2398*s. Is s a composite number?
False
Let p(k) = 3031*k**2 - 14*k - 1. Is p(4) composite?
True
Suppose 198*i - 38*i - 46137486 = -26*i. Is i a composite number?
False
Let o be -3 - ((-77)/(-14)*2 + -5). Let a(j) = j**3 - 2*j**2 - 2*j. Let i be a(-2). Is o/6*(14396/i - 1) a prime number?
True
Let l = -437861 + 802861. Suppose 30*m + 22670 = l. Is m a prime number?
True
Is (26595842/273)/((-2)/4 - (-21)/18) a composite number?
True
Let r be 4 - (0 - (-2 + (5 - 3))). Suppose 0 = r*p + 8*p - 24588. Is p a composite number?
True
Suppose -5367 - 6555 = -3*m. Suppose -5*a = -5331 - m. Is a prime?
True
Suppose 61083 = b - 5*a - 68675, -a = -5*b + 648958. Is b a composite number?
False
Suppose x = 2*x. Suppose -2*w + 1650 = 3*s, -5*s = 4*w - x*s - 3298. Suppose 5*t - 577 = -3*o + w, -9 = -3*o. Is t a composite number?
True
Let t = -106283 + 583170. Is t prime?
True
Let h(n) = -131 - 90*n + 93*n + 112 - 13*n**3 + 4*n**2. Is h(-5) a composite number?
True
Suppose 44*z - 188360 = 40*z. Let i = -20831 + z. Is i prime?
False
Suppose 0 = -3*a - 2*o + 325247, 39*o - 36*o - 325251 = -3*a. Is a composite?
False
Let t = -24 - -26. Let h(b) = 520*b**t + 17*b - 34*b + 18*b. Is h(1) prime?
True
Let j = -41 - -41. Suppose -w - 2*w - 5*w = j. Suppose 0 = 3*o - 0*g + g - 6710, w = -o - 5*g + 2232. Is o a composite number?
False
Let l(r) = -r**3 + 5*r**2 + 11*r + 7. Let k(d) = -14 + 2*d**2 - 18*d - 8*d**2 + 13 + d**2. Let v be k(-4). Is l(v) composite?
True
Let m(b) = 108*b**3 - 2*b**2 + 110*b - 133. Is m(15) composite?
False
Is (-45)/570*52/39 + 13975302/38 composite?
False
Suppose -z - 2*n + 946 = -4962, 5*z = -2*n + 29548. Let o be 4/18 + (-12758)/(-18). Suppose 7*k + o = z. Is k composite?
False
Let s(w) = 18*w**3 - 7*w**2 - 20*w + 20. Suppose 275*u - 265*u = 70. Is s(u) a composite number?
False
Suppose -501*p = -531*p + 3318690. Is p a prime number?
True
Let a be (-4)/(-18) + -6*124/(-54). Let x = a - 9. Suppose x*w - 343 = 2*l, 4*l + 8 = 2*l. Is w a prime number?
True
Let n be 4 + -4 + -1 - -1*11. Suppose 10 = -2*o - n. Is ((-4)/o)/(16/